y 20?
18
Calculate the remainder when (-18)/(-99) + 174/11 is divided by 3.
1
Suppose 0 = -6*h + 415 + 623. Calculate the remainder when h is divided by 35.
33
Let t(m) = -6*m + 2 + 9 - 2*m + 9*m. Calculate the remainder when t(11) is divided by 6.
4
Let s = -6 - -17. What is the remainder when s is divided by 4?
3
Let a = -10 + 13. Let t be a/((-2)/(0 + -2)). Suppose -z - 2*z = -12, -4*z = t*i - 82. Calculate the remainder when 65 is divided by i.
21
Let z = 150 + -83. Calculate the remainder when z is divided by 10.
7
Let o(x) = x**3 - 5*x**2 - 7*x + 7. Calculate the remainder when ((-6)/10)/((-5)/25) is divided by o(6).
0
Suppose 4*m - 5 = 3. Suppose 21 = -0*f + m*f - g, -4*g = 2*f - 6. What is the remainder when 16 is divided by f?
7
Suppose 2*d - d + 7 = f, d - 33 = -3*f. What is the remainder when 34 is divided by f?
4
Suppose 5*q - 14 - 11 = 0, -4 = 4*o - 4*q. Suppose o*l = y, 5*l - 27 = -2*y + y. What is the remainder when 23 is divided by y?
11
Let v(w) = 5*w**2 + w. Suppose -2*j - 5*u - 21 + 0 = 0, -3*u - 9 = 3*j. Let t be v(j). Suppose -d + t = d. Calculate the remainder when 32 is divided by d.
10
Let l be 4*-1*5/10. Let f be 2/6 + 1/(-3). Let t = f - l. What is the remainder when 3 is divided by t?
1
Let l(m) be the second derivative of m**4/2 - m**3/3 + 3*m**2/2 - 3*m. Calculate the remainder when l(2) is divided by 8.
7
Let k = -10 + 15. Suppose -2*g + k = -11. What is the remainder when 21 is divided by g?
5
Suppose 2*w + 107 = 5*m - 525, 0 = -3*m + 5*w + 364. What is the remainder when m is divided by 26?
24
Let a = -34 - -59. Suppose 2*x - 91 = -3*k, a = -4*k - k. What is the remainder when x is divided by 18?
17
Let f be (5 - -2) + -1 - 1. Suppose 2*o - 8 = -2*o + 4*j, -2*j + 31 = f*o. Calculate the remainder when 13 is divided by o.
3
Suppose 26 = 2*k + 6. What is the remainder when 17 is divided by k?
7
Let r(s) = -s + 10. Let m be r(5). Suppose 65 = 4*g - 15. Suppose -m*x - 12 = -y + g, 5*y - x = 88. What is the remainder when y is divided by 6?
5
Let v = 35 - 29. Calculate the remainder when 15 is divided by v.
3
Let v = 6 - -29. What is the remainder when v is divided by 18?
17
Suppose 0 = 4*y + 31 + 17. Let t = 27 + y. Calculate the remainder when 29 is divided by t.
14
Suppose q = -4*q + 15. Let l = 18 + -12. What is the remainder when l is divided by q?
0
Suppose 93 = -10*k + 13*k. What is the remainder when k is divided by 16?
15
Suppose 0 = -l - 4*l - 4*q - 1, 4 = -q. Suppose -l*v + 30 = 5*n - 3*n, -3*v = 12. What is the remainder when n is divided by 12?
9
Let l(p) = -13*p**3 - p. Calculate the remainder when l(-1) is divided by 6.
2
Let n(f) = -f**3 + 3*f**2 + 7*f + 1. Calculate the remainder when n(-3) is divided by 18.
16
Suppose 5*n - 5*b - 290 = 0, -2*n + 6*b + 131 = b. Calculate the remainder when n is divided by 29.
24
Let f(s) = -s**3 + 6*s**2 - 7*s + 9. Calculate the remainder when 51 is divided by f(4).
12
Let v(n) = 2*n**2 - 2 + n**2 - 2*n + 3*n**2. Let b be (-2 - -7)*6/(-15). Calculate the remainder when v(b) is divided by 14.
12
Let f be (-284)/(-16) - 1/(-4). Let s be 2/((-33)/f - -2). Suppose 0*p + s = p. What is the remainder when 34 is divided by p?
10
Let i(n) = n**3 + 4*n**2 + 3*n + 3. Let k be i(-3). Suppose 24 = k*x + 3. Calculate the remainder when 38 is divided by (0 - -1) + x + 5.
12
Suppose -2*f = -3*f - 3*q + 158, 0 = 2*f + 2*q - 324. Calculate the remainder when 64 is divided by f/8 - (-9)/6.
20
Let g = -36 + 54. Let n(t) = -2*t - 27. Let o be n(-12). Calculate the remainder when 56 + o + -1 + 0 is divided by g.
16
Calculate the remainder when (14/6)/((-7)/(-189)) is divided by 22.
19
Let t = 32 + -11. What is the remainder when t is divided by 6?
3
Suppose 5*i - 10 = -p, 31 = 5*p - 2*i - 100. What is the remainder when p is divided by 384/27 - (-4)/(-18)?
11
Let u(m) = -m**2 - 4*m - 2. Let r be u(-5). Let l = 8 - r. Suppose -a + 9 = -0*v - 2*v, 4*a - v = l. Calculate the remainder when 8 is divided by a.
2
Let i(s) = -s**2 + s + 33. Let u be i(0). Let a = -16 + u. What is the remainder when -1*49/2*-2 is divided by a?
15
Let w = -2 + 3. Let n be -8 - (1 + 2 + 0). Let d(s) = -s**3 - 12*s**2 - 10*s + 14. What is the remainder when d(n) is divided by w?
0
Suppose -5*b + 30 = -0*b. What is the remainder when 2/(-12) - 1595/(-174) is divided by b?
3
Let g(d) = 2*d - 6. Suppose -4*j + 15 = -1. Suppose 11*p - 5 = 6*p. What is the remainder when g(j) is divided by p?
0
Let h(p) = -2*p + 4. Calculate the remainder when 15 is divided by h(0).
3
Suppose -b + 7 = 5*o - 3*o, -26 = -3*b - o. What is the remainder when 25 is divided by b?
7
Suppose -u + 60 = 44. What is the remainder when u is divided by 5?
1
Let l(o) = -2*o + 4. Suppose 3*r = -0*r + 78. Calculate the remainder when r is divided by l(-5).
12
Let h(k) = -k + 10. Let i(r) = 4*r**2 - r + 2. Let u be i(-2). Suppose -4*s + u = t, -s = -3*s + t + 4. Calculate the remainder when s is divided by h(8).
0
Suppose 2*w = -w - 24. Let s = -8 - w. Suppose s*i = i - 49. Calculate the remainder when i is divided by 17.
15
Suppose 3*k - 50 = p, k = -3*p - 0*p + 10. Suppose 0*r - 184 = -4*r. Calculate the remainder when r is divided by k.
14
Suppose -2*z + 0*z - 6 = 4*n, 5*n = 2*z + 15. Calculate the remainder when -3 - -3 - n - -79 is divided by 27.
24
Suppose -5*p + p - 28 = 0. Let k = 2 - p. Calculate the remainder when 17 is divided by k.
8
Let f = -27 + 42. What is the remainder when 25 is divided by f?
10
Suppose -2*y + 8 = 2*y. Let t = y - -1. Let n = 35 - 31. Calculate the remainder when n is divided by t.
1
Let x = 49 - 38. Calculate the remainder when 32 is divided by x.
10
Let l(d) = d**3 - 9*d**2 - 11*d + 13. Let t be l(10). Suppose 0 = -5*p + t*p + 14. What is the remainder when 13 is divided by p?
6
Let h = -52 - -89. Calculate the remainder when h is divided by 10.
7
Suppose 0 = -5*k + 5*u + 260, 0 = -4*k - 0*k - 2*u + 178. What is the remainder when 92 is divided by k?
45
Let w = -19 - -70. Calculate the remainder when w is divided by ((2 - 3) + 2)*(-13 + 26).
12
Calculate the remainder when (7 - (-30)/(-6)) + 1 + 10 is divided by 3.
1
Suppose -9*u = 9*u - 270. Let f = 47 + 25. What is the remainder when f is divided by u?
12
Suppose -2*p = -8, -2*s - 348 = -6*s + 3*p. Calculate the remainder when s is divided by 24.
18
What is the remainder when 10 is divided by 3*1/(-2)*-4?
4
Let z = -9 + 12. Suppose 3*g - 64 = -5*m, 2 = z*g - m - 50. What is the remainder when 69 is divided by g?
15
Let j(f) = f - 4. Let z be j(6). Suppose 20 = 2*b + z*y, 2*b - y + 4 = 3*y. Let w(o) = o**2 + 5*o + 15. What is the remainder when w(-6) is divided by b?
3
Suppose -6 = -4*f + 2. Let q(c) = 2*c - 5. What is the remainder when q(5) is divided by f?
1
Let x = -19 + 24. Calculate the remainder when 38 is divided by x.
3
Let s(k) = 47*k**2 + 8*k + 7. Calculate the remainder when s(-1) is divided by 8.
6
Suppose o - 2*x = -13, o - 4*x + 10 = -5*x. Let h = -8 - o. What is the remainder when h is divided by 2?
1
Let m be 12/(-21)*(-28)/8. Let a(r) be the second derivative of r**4/6 - r**3/3 - r**2 + 3*r. Calculate the remainder when 6 is divided by a(m).
0
Let h = -10 + 19. Suppose -2*l = -65 + h. Calculate the remainder when l is divided by ((-20)/(-6))/(1/3).
8
Let s(h) = -2*h. Let l be s(-7). Suppose -l - 1 = -a. Suppose 0 = -4*c + 186 + 42. Calculate the remainder when c is divided by a.
12
Let v be 6/4*142/3. Suppose 2*f = 6*f - 20. Suppose f = 2*m - v. Calculate the remainder when m is divided by 13.
12
Let j(q) = q**3 + 3*q**2. Let u be j(-2). Suppose -u*x - 11 + 34 = 3*t, -2*x + t = -9. What is the remainder when 9 is divided by x?
4
Let x be 0/(0 + 1) + -43. Let u = x + 62. Suppose 5*w - 125 = -5*g, w + 3*g - u = 14. What is the remainder when 40 is divided by w?
19
Suppose -2*m - o + 16 = 2*m, -5*o = 5*m - 20. Suppose 2*l = 2*n - 8, -l + 35 = 5*n + 3. Calculate the remainder when n is divided by m.
2
Let b = -35 - -38. Calculate the remainder when b is divided by 3.
0
Let q be 3/((-3)/(-4))*1. What is the remainder when 27 is divided by 2 + q + -1 + 2?
6
Let x = -4 - -5. Let m(r) = 10*r**2 + r - 1. Calculate the remainder when 28 is divided by m(x).
8
Let h(s) = 32*s. Let g be h(2). Suppose 3*t = 4*b + 187, 2*t - 5*b = 49 + g. Calculate the remain